t t(c) = c**3 + 354*c**2 + 6561*c + 9238. Calculate t(-18).
4
Let k(g) = 7*g**2 - 2919*g - 455662. Calculate k(-121).
24
Let p(n) = -n**3 - 40*n**2 - 270*n - 19604. Determine p(-44).
20
Let y(h) = -1673208*h - 15058851. What is y(-9)?
21
Let i(o) = 6*o**2 + 5070*o - 66916. What is i(13)?
8
Let l(b) = -5*b**2 - 223*b + 18. Calculate l(-42).
564
Let a(f) = -f**3 + 41*f**2 - 135*f - 210. Calculate a(5).
15
Let a(j) = 488*j - 123449. Determine a(253).
15
Let o(j) = -7*j**2 + 9246*j - 128058. Calculate o(14).
14
Let v(b) = b**2 - 8*b - 492. Give v(-17).
-67
Let h(k) = 2*k**2 + 171*k + 429. Calculate h(-81).
-300
Let u(x) = -x**3 - 1943*x**2 + 5848*x - 44. Give u(3).
-14
Let x(d) = d**2 + 4394*d - 39631. Calculate x(9).
-4
Let o(l) = 7067*l + 26978. Give o(-4).
-1290
Let w(n) = -7*n**3 + 2*n**2 - 863*n - 3412. What is w(-4)?
520
Let b(h) = 3*h**2 - 377*h - 1726. Give b(131).
370
Let g(a) = -2*a**3 + 6*a**2 - 87*a + 230. Calculate g(10).
-2040
Let q(y) = -y**3 - 62*y**2 - 561*y + 180. Calculate q(-51).
180
Let k(n) = 5556*n + 22193. Determine k(-4).
-31
Let h(j) = 5*j**2 + 4002*j + 19954. Calculate h(-5).
69
Let g(h) = 36275*h - 253783. Determine g(7).
142
Let u(p) = 5*p**2 - 128*p + 128. Give u(26).
180
Let v(x) = 299161*x + 2094117. Give v(-7).
-10
Let y(b) = -16155*b + 64581. What is y(4)?
-39
Let p(k) = -535*k - 937. Determine p(-2).
133
Let c(r) = -50860*r - 7730712. Determine c(-152).
8
Let k(l) = 11*l**3 - 47*l**2 - 20*l - 128. What is k(6)?
436
Let z(f) = 3*f**2 - 348*f + 8571. Give z(80).
-69
Let h(q) = -322*q - 2698. Calculate h(-7).
-444
Let k(q) = -q**2 + 2133*q - 87472. Give k(42).
350
Let y(z) = 11123*z - 3158929. Give y(284).
3
Let u(p) = 109*p**3 - 7*p**2 - 163*p - 466. What is u(-3)?
-2983
Let f(p) = 760*p - 15950. What is f(21)?
10
Let k(u) = -4*u**3 - 12*u**2 - 4453*u - 17814. Calculate k(-4).
62
Let z(p) = 22518*p + 135400. Calculate z(-6).
292
Let b(z) = -55*z**2 + 4500*z + 610. Determine b(82).
-210
Let j(p) = -90*p**2 - 1207*p + 7247. Give j(6).
-3235
Let a(y) = -y**2 - 343*y + 40043. What is a(92)?
23
Let y(b) = 3*b**3 - 470*b**2 + 1353*b + 4. Give y(3).
-86
Let i(n) = -n**2 - 202267*n + 404542. Calculate i(2).
4
Let y(x) = x**3 - 12*x**2 - 414*x - 3741. What is y(30)?
39
Let c(b) = b**2 + 68*b - 901. Calculate c(10).
-121
Let f(l) = l**3 - 109*l**2 - 218*l - 518. Give f(111).
-74
Let y(s) = -s**3 + 10*s**2 - 39*s - 9. Give y(4).
-69
Let o(f) = -f**3 - 93*f**2 - 377*f - 1890. Calculate o(-89).
-21
Let s(i) = -12911*i - 142137. What is s(-11)?
-116
Let y(h) = -6*h**2 + 66*h - 735. Calculate y(14).
-987
Let k(r) = -r**3 - 90*r**2 - 746*r + 36123. Calculate k(-73).
-12
Let o(i) = i**3 - 175*i**2 - 3053*i + 777. Determine o(191).
1350
Let q(v) = -763294*v - 1526595. Give q(-2).
-7
Let q(o) = 3*o**3 + 57*o**2 - 146*o - 2587. What is q(-19)?
187
Let y(h) = h**2 - 225*h + 6086. What is y(31)?
72
Let y(w) = 2*w**2 - 515*w + 31980. What is y(152)?
-92
Let d(p) = -2*p**3 - 80*p**2 - 713*p + 575. Give d(-15).
20
Let y(q) = -11*q**3 - 460*q**2 + 468*q - 4. Give y(1).
-7
Let t(m) = m**2 + 1057*m + 190255. Determine t(-230).
45
Let c(n) = -3*n**2 - 744*n - 5695. Give c(-240).
65
Let t(x) = 40*x**2 - 843*x + 4495. Determine t(12).
139
Let v(u) = u**3 + 89*u**2 + 981*u - 98. Determine v(-13).
-7
Let k(m) = m**3 + 535*m**2 - 1606*m + 4190. Calculate k(-538).
-114
Let m(h) = -274*h + 4274. What is m(16)?
-110
Let d(t) = -205054*t + 8. What is d(0)?
8
Let l(o) = -21*o**2 + 225*o - 623. What is l(4)?
-59
Let r(j) = 115*j - 2996. Calculate r(31).
569
Let i(z) = -z**2 + 182*z + 7814. Give i(-26).
2406
Let h(r) = r**3 + 118*r**2 + 278*r + 5301. Give h(-116).
-35
Let m(u) = -16490*u - 263805. Calculate m(-16).
35
Let z(w) = 854*w - 258684. Give z(303).
78
Let g(c) = 67689*c - 270715. What is g(4)?
41
Let b(x) = 660*x - 27081. What is b(41)?
-21
Let z(r) = 2*r**3 + 789*r**2 - 477116*r - 6. Determine z(-724).
-6
Let j(n) = -4693*n + 51624. Calculate j(11).
1
Let f(b) = 2*b**3 - 1637*b**2 - 38707*b + 40. What is f(-23)?
-6
Let l(v) = -v**3 - 196*v**2 - 6674*v - 4095. Give l(-43).
-10
Let s(g) = -110*g - 3339. What is s(-29)?
-149
Let a(y) = 544*y + 5175. Give a(-9).
279
Let u(m) = 129*m + 20670. Calculate u(-161).
-99
Let s(f) = -1239*f**2 - 18577*f + 12. Calculate s(-15).
-108
Let x(b) = -b**3 - 8*b**2 - 4868*b - 38955. Determine x(-8).
-11
Let w(x) = -814*x**2 - 304*x - 305. What is w(-1)?
-815
Let x(u) = u**2 - 75*u + 3386. Calculate x(49).
2112
Let o(n) = n**3 + 178*n**2 + 4123*n + 6941. What is o(-151)?
-5
Let w(i) = -i**3 + 2*i**2 - 35*i + 1483. Determine w(11).
9
Let o(v) = -7*v**2 + 581*v - 2754. Determine o(5).
-24
Let x(i) = i**2 + 31*i - 1302. Determine x(25).
98
Let w(z) = -1167*z + 141280. Determine w(121).
73
Let t(c) = 7963*c + 63648. Determine t(-8).
-56
Let w(z) = 102*z**2 - 786*z - 3896. Determine w(-5).
2584
Let p(c) = -84*c**2 + 597*c + 2. Give p(7).
65
Let o(f) = 5079*f - 2209005. What is o(435)?
360
Let u(a) = 127*a**2 - 1389*a - 79. Calculate u(11).
9
Let y(s) = -13*s**3 - 173*s**2 - 43*s - 202. Determine y(-13).
-319
Let q(y) = 14885*y + 14880. What is q(-1)?
-5
Let d(a) = -109*a - 24701. Give d(-198).
-3119
Let o(q) = -2*q**3 - 81*q**2 + 439*q + 19142. What is o(-40)?
-18
Let m(j) = -j**3 + 538*j**2 - 70161*j + 2012. Give m(222).
14
Let j(r) = 4*r**2 + 359*r + 5176. Give j(-55).
-2469
Let l(g) = 110*g**2 + 6701*g - 506. What is l(-61)?
43
Let c(n) = n**3 - 7683*n**2 + 15367*n + 1. Give c(2).
11
Let q(k) = 11132*k + 77873. Give q(-7).
-51
Let r(h) = -1180*h + 2425. Give r(2).
65
Let y(q) = 58164*q + 407358. Give y(-7).
210
Let d(y) = -15364*y + 399309. What is d(26)?
-155
Let q(i) = -13*i**2 + 1328*i - 9808. Give q(8).
-16
Let g(p) = -4*p**2 - 933*p + 9470. Calculate g(-243).
-7
Let f(m) = -m**2 - 28799*m + 144006. What is f(5)?
-14
Let m(b) = -4*b**3 + 110*b**2 + 77*b - 1141. What is m(28)?
-553
Let o(d) = 18*d**3 - 846*d**2 - d - 155. Calculate o(47).
-202
Let b(g) = 31781*g + 127120. What is b(-4)?
-4
Let a(y) = -y**2 + 1844*y + 239916. What is a(-122)?
64
Let k(d) = -30*d**3 + 27*d**2 + 22*d + 24. What is k(-1)?
59
Let h(m) = -m**3 + 418*m**2 + 10614*m + 137. Calculate h(-24).
-7
Let z(b) = -1781*b + 7108. Give z(4).
-16
Let n(i) = i**3 - 87*i**2 - 109*i + 2155. Determine n(88).
307
Let o(v) = -491*v**2 + 2023*v - 24. Determine o(4).
212
Let t(h) = -63*h**2 - 4674*h - 75. Give t(-75).
-3900
Let g(a) = -2*a**2 - 1871*a + 12079924. Calculate g(2034).
-2
Let r(x) = -287*x - 36121. Calculate r(-141).
4346
Let o(y) = -4*y**2 + 1688*y - 16444. Give o(10).
36
Let q(l) = 7*l**2 - 444*l - 6320. Determine q(-12).
16
Let m(q) = 2*q**2 - 4186*q + 1927506. Determine m(1409).
-6
Let i(s) = s**3 + 402*s**2 - 1414*s + 85284. What is i(-406)?
24
Let x(l) = 112*l**2 + 84*l - 400. Give x(4).
1728
Let p(d) = 8*d**2 + 331*d - 1102. Determine p(3).
-37
Let w(p) = -1570*p - 362218. Calculate w(-231).
452
Let t(g) = -13*g**2 + 49*g - 650. Calculate t(19).
-4412
Let l(w) = 2*w**2 - 3478*w + 27610. Give l(8).
-86
Let m(w) = -w**3 - 21*w**2 + 1307*w + 530. Calculate m(-48).
2
Let x(w) = -w**3 + 258*w**2 + 47367*w + 391. Give x(382).
9
Let r(b) = 6*b**3 - 100*b**2 + 47*b - 644. Determine r(15).
-2189
Let r(f) = -220184*f - 1541291. Calculate r(-7).
-3
Let j(z) = z**3 + 53*z**2 - 652*z + 1732. Give j(4).
36
Let q(g) = g**3 + 27*g**2 - 18*g + 341. Give q(-28).
61
Let m(z) = -171*z - 4594. Determine m(-35).
1391
Let a(w) = -419*w - 12211. Determine a(-29).
-60
Let j(b) = b**3 + 46*b**2 - 88*b + 3164. Determine j(-49).
273
Let g(d) = -7839*d + 125017. Determine g(16).
-407
Let l(q) = -172*q - 1404. What is l(-6)?
-372
Let l(k) = 5*k**3 - 341*k**2 - 50*k + 8137. Give l(68).
113
Let l(y) = 132*y**2 - 1265*y + 1128. Determine l(1).
-5
Let x(f) = 6*f**2 - 150*f + 781. Calculate x(7).
25
Let v(l) = 2*l**2 - 28708*l - 86107. Determine v(-3).
35
Let c(q) = 4195*q - 125667. What is c(30)?
183
Let q(m) = -66*m**3 - 904*m**2 + 277*m - 43. Determine q(-14).
-1
Let r(t) = -1269*t + 6335. What is r(5)?
-10
Let c(p) = 69*p**2 + 2072*p + 289. Calculate c(-30).
229
Let m(v) = v**2 + 19360*v + 58059. Calculate m(-3).
-12
Let v(r) = 24468*r - 20430773. Calculate v(835).
7
Let a(f) = 15452*f - 107311. Calculate a(7).
853
Let d(i) = -12*i**2 - 2386*i - 42922. Determine d(